 z be a(1). What is the tens digit of 99/z*(-28)/6?
7
Suppose 25*t - 5*t - 14780 = 0. What is the hundreds digit of t?
7
Let v(z) = -z**3 - 2*z**2 + 5*z + 3. Suppose 0 = -5*g + 3*k + 42, -5*g + 50 = 7*k - 2*k. Let d = g - 13. What is the tens digit of v(d)?
1
Let c(l) = l**3 - 10*l**2 - 11*l + 15. Let f be c(11). Let q be (25/f + -2)*6. What is the tens digit of 1 + 3 - 86/q?
4
Let q = 2936 - -820. What is the units digit of q?
6
Let t(u) = 346*u**2 + 22*u + 38. What is the hundreds digit of t(-2)?
3
Suppose 5*w - 2655 = 110. What is the tens digit of w?
5
Suppose -p + 10*q - 7*q + 1387 = 0, 2*p + 3*q = 2810. What is the hundreds digit of p?
3
What is the tens digit of 64/416 + 1 + 6277/13?
8
Suppose 2*x = -0*x. Let m(a) = 17*a**3 + 20 + 1 - 16*a**3. What is the tens digit of m(x)?
2
Let g(l) = l**3 + 56*l**2 - 15*l - 30. What is the units digit of g(-56)?
0
Suppose -b - 5*y - 11 = 0, -7*y - 27 = -3*b - 2*y. Suppose -40 = -2*w + 5*a, -b*a - 49 = -5*w + 17. Let c = w - -21. What is the units digit of c?
1
Suppose 0 = -2*b - 3*i + 18 + 10, 4*b = 4*i + 36. Suppose 27 = b*k - 6. What is the units digit of k?
3
Let g be -1 - 2*(-6305)/10. Suppose -g = -6*s + s. What is the hundreds digit of s?
2
Let s be -18*6/(-9)*-1. Let l be 7/(-35) + s/(-10). What is the units digit of -1*2/(l - 3)?
1
Let y(o) = -16*o + 12. Let p(v) = 16*v - 13. Let f(j) = 5*p(j) + 4*y(j). What is the tens digit of f(7)?
9
Suppose -194*j = -193*j - 174. Suppose -j = -g - 58. What is the tens digit of g?
1
Let n(w) = -401*w**3 + 4*w**2 + 4*w - 1. What is the hundreds digit of n(-1)?
4
Suppose l + 2246 = -2*f + 7*f, -1334 = -3*f + 4*l. What is the hundreds digit of f?
4
Suppose -3*g + 105 = 5*q, -140 = g - 5*g + 5*q. Suppose -495 = -4*w - g. What is the units digit of w?
5
Let q(h) = -h. Let r(s) = -2*s - 19. Let u(i) = -i - 6. Let m(c) = -4*r(c) + 14*u(c). Let d(x) = m(x) - 4*q(x). What is the units digit of d(-5)?
2
Let f(a) = a**3 - 15*a**2 - 9*a + 12. What is the thousands digit of f(21)?
2
Let d be ((-24)/(-14))/((-3)/(-147)). Let y be (-1)/7 - (-2868)/d. Suppose a + 3*n - y = 6, 2*a - 45 = n. What is the units digit of a?
5
Let g(q) be the second derivative of q**4/6 + 11*q**3/6 + 7*q**2/2 - 12*q. What is the units digit of g(-9)?
0
Suppose -2*h + 4*h = -5*v + 20, -5*h = -25. What is the units digit of (-1)/(2/(-108)) - v?
2
Suppose -2*q + 211 = -c, -3*c + 5 = -2*q + 206. Suppose 4*l = l + q. What is the units digit of l?
6
Suppose -3*s = -11 + 14. Let w be (-68)/(s + (-3)/3). Suppose 0 = 6*f - w - 176. What is the units digit of f?
5
Suppose -f + 86 = -5*r, 7*r - 8*r + 407 = 4*f. What is the units digit of f?
1
Let b(k) = -2*k**3 - 12*k**2 + 8*k - 2. What is the tens digit of b(-15)?
2
Suppose 3*a + 0*j = -j + 2313, 0 = 5*j + 15. What is the hundreds digit of a?
7
Suppose 147*j - 145*j = 1324. What is the hundreds digit of j?
6
Let a(n) = -2*n**2 + 45*n + 20. Let d be a(23). Let g(k) = 36*k**2 + 22*k + 1. What is the hundreds digit of g(d)?
2
Let r = 915 - -194. What is the tens digit of r?
0
Let r(l) be the third derivative of -29*l**6/120 + l**3/6 + 2*l**2. What is the units digit of r(-1)?
0
Let w = -562 - -773. What is the hundreds digit of w?
2
Suppose -11*v = -3760 - 1894. What is the hundreds digit of v?
5
Suppose 4*m + 3*i + 46 = 0, 5*m + 3 = -2*i - 51. What is the tens digit of ((-12)/(-15))/(m/(-3950))?
1
Suppose 30*d - 25*d - 4930 = -5*h, -5*h = -4*d + 3962. What is the tens digit of d?
8
Suppose 0 = 386*a - 397*a + 3949. What is the units digit of a?
9
Let b(l) = -l + 5. Let o be b(3). Let s be ((-5)/(-6))/(o/12). Let r(y) = y**2 + 5*y - 6. What is the tens digit of r(s)?
4
Suppose 2*m = 2 - 20. Let o = m - -112. What is the units digit of o?
3
Let t = -662 - -692. What is the units digit of t?
0
Let j be (-4)/18 + (-5202)/(-81). Suppose -4*r = -j + 24. Suppose 31 = t - r. What is the tens digit of t?
4
What is the units digit of 525*((-22)/(-33) - 0)?
0
Suppose 3465 = 7*k + 2*k. Let a = k - 113. Suppose -3*m = m - a. What is the units digit of m?
8
Let d = -1038 + 2191. What is the units digit of d?
3
Suppose 5*u + r - 2077 = u, 1042 = 2*u + 4*r. What is the units digit of u?
9
Let w(m) = -m**3 + 5. Let p be w(0). Suppose -424 = 3*a - p*a. Suppose -a = -17*k + 13*k. What is the tens digit of k?
5
Suppose -2*t = -b + 136, -51 = 3*b + 3*t - 477. Suppose 3*u + 6 = 0, -2*r + 2*u + b = 6*u. What is the tens digit of r?
7
Let d(p) = p**2 - 7 + 0*p**2 - 1 - 6*p. Let f = -15 - -23. What is the units digit of d(f)?
8
Let s = 424 - 201. What is the hundreds digit of s + (-6)/(2 + (-21)/6)?
2
Suppose m = 3*m - 5*n - 338, -m + 175 = -n. What is the units digit of m?
9
Suppose -7*o = -2*o + 5, -d + 3*o + 118 = 0. Let i = d - -53. Suppose 4*x + 12 = i. What is the tens digit of x?
3
Let d = 259 + -466. Let x = -88 - d. What is the units digit of x?
9
What is the units digit of (-385)/(-10)*3878/49?
7
Let g = 6 - -32. Suppose 60 + g = 7*w. What is the units digit of w?
4
Let x(l) = 3*l - 20. Let z be x(8). What is the tens digit of z/(-20) + 221/5?
4
What is the tens digit of (-4)/10 - 45942/(-155)?
9
Let f = -16 + 72. Let d = -3 - f. Let w = -28 - d. What is the tens digit of w?
3
Let u be 15/(-9)*12/(-10). Suppose -g + u*g - 31 = 0. What is the tens digit of g?
3
Suppose -6*b = 2*m - 1408, -7*b + 12*b + 15 = 0. What is the hundreds digit of m?
7
Suppose -5*b = 14*b - 10906. What is the hundreds digit of b?
5
Suppose 4*m - u - 27 = -0*m, 5*m - 4*u - 31 = 0. Let y = m + 18. Let i = y - -3. What is the tens digit of i?
2
Suppose 1010 = 2*m - 9*a + 5*a, 1018 = 2*m - 2*a. What is the tens digit of m?
1
Let g(z) = z**3 + 25*z**2 + 19*z + 22. What is the units digit of g(-23)?
3
Let i(o) = 2*o**2 + 2*o + 2. Let l(w) = -w - 9. Let r be l(-7). Let b be i(r). Let x = 22 - b. What is the tens digit of x?
1
Let w = 946 - -28. What is the units digit of w?
4
Let y(t) = -t - 2. Let l be y(7). Let c be -10*(l/6 - -3). What is the tens digit of (-412)/(-10) - (-3)/c?
4
What is the hundreds digit of (-1 - -52)*(365/15 - 8)?
8
Let j(k) = 4*k**2 + 8*k. Let m be j(-3). Suppose f + 10 = g - m, 0 = -2*g - 4*f + 44. What is the units digit of g?
2
Suppose 9*a - 20020 = -13*a. What is the units digit of a?
0
Suppose -5*j - 5*h + 970 = 0, -507 = -5*j - 4*h + 466. What is the tens digit of j?
9
Suppose w = -w + 4. Suppose -w*d - 21 - 5 = 0. What is the units digit of (-3 - d)*(-3)/(-2)?
5
Let s(u) = 6*u. Let k(c) = c - 9. Let f be k(7). Let j be s(f). What is the units digit of 6/j - (-150)/4?
7
Suppose -4*m - z + 35 = 0, -m = -4*z + 2 + 2. Let u(a) = a**3 + 7*a**2 - 5*a - 7. Let y be u(-7). Let x = y + m. What is the units digit of x?
6
Suppose -2*i - 3*f = -8, -2*f - 3*f = 0. Let p be i/(-4) + 9 - 4. Suppose 0 = -2*v + 5*b + 55, -v - 3*b - p = -59. What is the units digit of v?
0
Let g(j) = 7*j**2 - 16*j - 24. Let t be g(-10). Let x = -576 + t. What is the hundreds digit of x?
2
Suppose 2*u - 4*k = 778, u - 4*k = -0*k + 389. Suppose 95 - u = -2*v. What is the tens digit of v?
4
Let f = -500 - -754. Let r = -119 + f. What is the hundreds digit of r?
1
Let f(n) be the second derivative of 29*n**3/6 + n**2/2 + 2*n. Let u(i) = i**2 + 7*i + 7. Let y be u(-6). What is the tens digit of f(y)?
3
Let l be (-2)/8 + (-72)/(-32). Let h(c) = 4*c - 2. Let k be h(l). Suppose -2*s = -k*s + 164. What is the tens digit of s?
4
Suppose 0*v - 35 = -7*v. Suppose 3*a + 1 = -5*x - 2, 35 = 5*a - v*x. What is the units digit of a?
4
Let r(g) be the third derivative of -g**6/60 + g**5/12 - g**4/6 - 3*g**3/2 + 21*g**2. What is the units digit of r(-4)?
5
Let l = -7 + 11. Suppose -r + l*r = -366. What is the tens digit of r/(-4) - 4/(-8)?
3
Suppose -178 = -2*d + 74. Suppose 5*i = d + 334. What is the tens digit of i?
9
Let g(y) = -2*y - 7. Let d be g(-5). Suppose 3*a - 3 = d*s, -7*a = 3*s - 2*a - 5. Suppose r + s*r - 18 = 0. What is the units digit of r?
8
What is the hundreds digit of (-2)/4*(-1498 - 8)?
7
Let f be (-14)/(-42) - (-2)/(-6)*1. Let s = 194 + f. What is the tens digit of s?
9
Suppose -6*l = -i - 9*l + 16, 5*l = 3*i + 8. Let m be ((-20)/8 + 0)*i. What is the units digit of (6/(-4))/(3/m)?
5
Let t(n) = 3*n**2 - 16*n + 146. What is the tens digit of t(16)?
5
Let t be 76/(-10) + 26/(-65). Let l = 11 + t. Supp